ppose 0 = 4*l - l - y. Suppose -81 = -s - l. List the prime factors of s.
2, 5
Suppose 5*t - 4*t = -o + 65, o = 3*t + 45. Let j(k) = k**3 + 3*k**2 - 3. Let i be j(-4). Let y = i + o. What are the prime factors of y?
41
Let g be 6*(-4)/(-3) + 24/(-4). Suppose 4*i - 7*c + g*c = 4816, c - 3593 = -3*i. List the prime factors of i.
11, 109
Let n(m) = -m + 49. Let b be n(-35). Suppose -8*c + b + 2524 = 0. List the prime factors of c.
2, 163
What are the prime factors of 39188/10 - (-90)/450?
3919
Let p(d) = 9*d**3 - 8*d**2 + 16*d - 138. List the prime factors of p(8).
2, 3, 227
Let r(n) = n**2 - 16*n - 11. Let v be r(17). What are the prime factors of (-148)/v*((-21)/1)/1?
2, 7, 37
Suppose -4*t = -2*d + 124, t + 24 - 4 = -5*d. Let w be 438/t - (-12)/20. Let c = w + 55. List the prime factors of c.
41
Let k(l) = -l**3 + 8*l**2 + l - 4. Let a be k(8). Suppose -2 + a = -2*x. List the prime factors of 30 + 1 - 6/(4 + x).
29
Suppose -21*w = -24*w + 18. Suppose -1510 = -w*g + 1238. List the prime factors of g.
2, 229
Let m = 11686 - 9441. List the prime factors of m.
5, 449
Let a(i) = i**3 - 33*i**2 + 5*i + 22. Let x be a(33). Let z = x - 55. Suppose -4*f + 812 = -5*r - z, -2*r - 1197 = -5*f. List the prime factors of f.
241
Suppose -b = 4*t - 50, -5*t + 7*b - 5*b + 56 = 0. Suppose -10 = d - 2*o - 0*o, 0 = -4*d + o - t. What are the prime factors of (-4 + 161/14)*d/(-3)?
5
Let u(p) = -5*p**2 + 4*p - 4. Let m be u(1). Let f be 0 - m/(20/(-404)). Let o = -69 - f. What are the prime factors of o?
2
Let f(r) = 10*r**2 + 106*r - 4. What are the prime factors of f(-39)?
2, 173
Let s(t) = 3*t + 7. Let o(i) = 2*i + 7. Let c(p) = 4*o(p) - 3*s(p). Let q be c(2). Suppose 0 = -q*y - 0*y + 725. List the prime factors of y.
5, 29
Suppose 2*t + 278 = 3*c - 521, c - 789 = 2*t. List the prime factors of (78/4)/((-2373)/t + -6).
2, 7, 13
Let u = -150 + 8. Let r be (11 - (-2106)/(-48))*-8. Let b = u + r. List the prime factors of b.
11
Suppose 35*l + 1467 = 36*l. List the prime factors of l.
3, 163
Suppose 3412695 = -5742*n + 5785*n. List the prime factors of n.
3, 5, 11, 13, 37
Suppose h = -13*h - 728. What are the prime factors of (4134/52)/((-6)/h)?
13, 53
Let g = -2902 + 15795. What are the prime factors of g?
12893
Suppose 0*f = -w - 2*f + 8, 1 = f. Suppose -7*c + 15 = -w*c. Let p = c - -57. What are the prime factors of p?
2, 3
Let t(p) = -61*p**2 + 3235*p - 63. List the prime factors of t(48).
3, 67, 73
Suppose -t = 2*t - 6, 3*o - t + 1820 = 0. Let r = 1318 + o. List the prime factors of r.
2, 89
Suppose -5*y - 37 = -3*c + 14, -4*y - 12 = 0. Suppose 5*t = c*t - 4970. What are the prime factors of t?
2, 5, 71
Let z = 61 - 36. Let y(p) = 3*p**2 - 69*p + 30. What are the prime factors of y(z)?
2, 3, 5
Let d be 3/1*-4*(-11 - 1). Suppose 19185 = -129*i + d*i. What are the prime factors of i?
1279
Suppose 2*j - 5 + 25 = 5*f, -f = j + 3. Suppose 0 = -4*w - 2*l + 26, 4*l - 2 = f*w - 0*l. Suppose w*y - 624 = 2*y. What are the prime factors of y?
2, 13
Let t(g) = -551*g - 458. What are the prime factors of t(-12)?
2, 17, 181
Let r be 16/2*1066/(-52). Let h = 67 - r. List the prime factors of h.
3, 7, 11
Let m = -184 - 79. Let v = 641 + m. List the prime factors of v.
2, 3, 7
Let l = 11901 - 3859. What are the prime factors of l?
2, 4021
Let s = -4768 + 20468. What are the prime factors of s?
2, 5, 157
Let g(f) = -f**2 + 15*f. Let q be (-1 - 0) + (12/(-2) - -22). Let p be g(q). Suppose p*c - 4*j = 2*c - 46, 3*c + 4*j = 65. What are the prime factors of c?
19
Suppose -25 = 26*i - 31*i. Suppose -3*h - 2*h - 1421 = -2*l, 4*h - 3635 = -i*l. List the prime factors of l.
3, 241
Let c = 13361 + -6802. List the prime factors of c.
7, 937
Suppose 9093*l - 9095*l + 8104 = 0. What are the prime factors of l?
2, 1013
Suppose -2*v + 2 = -4*o, -2*v + 2*o + 2 = -2. Suppose 20 = v*p - 7*p. List the prime factors of p/(-25) + (-1576)/(-20).
79
Let r(s) = -287*s - 703. What are the prime factors of r(-14)?
3, 5, 13, 17
Let s(o) = 21*o - 5. Let v be s(1). Let m(q) = q**3 - 14*q**2 - 11*q - 18. Let f be m(v). What are the prime factors of ((-4)/6)/((-2)/f)?
2, 53
Suppose 11193 = -7*g + 38192. Suppose -2*k + 5*i = -1539, 3*i + g = 6*k - k. List the prime factors of k.
2, 193
Let m(k) = -6*k - 2. Let w be m(-1). Let p be 3/(w + (-105)/24). List the prime factors of 180 - (-9)/((-18)/p).
2, 23
Let x(z) = -6*z**2 - 15*z + 19. Let a(y) = 13*y**2 + 30*y - 40. Let b(w) = -2*a(w) - 5*x(w). List the prime factors of b(12).
3, 13, 19
Let n = 7881 + -3767. What are the prime factors of n?
2, 11, 17
Let l(n) = 2*n**3 + 35*n**2 - 16*n + 57. Let x be l(-18). Suppose -x*j + 18635 = -9400. List the prime factors of j.
3, 5, 89
Let l be (-15)/(-6)*8/10. Suppose -l*d = d - 6*d. Suppose d*a + 306 = 3*a - 3*u, -5*a + 502 = 3*u. What are the prime factors of a?
101
Let r(q) = 480*q + 3387. List the prime factors of r(19).
3, 11, 379
Let r(d) = 12*d**2 + 259*d + 82. What are the prime factors of r(-63)?
31393
Suppose 14*o - 342723 = -237*o + 188895. List the prime factors of o.
2, 3, 353
Suppose -4*b + 33 = 17. Suppose 1192 = 4*q + 2*d, -2*q - 7*d + 600 = -b*d. What are the prime factors of q?
3, 11
Suppose 9*r + 14037 = 95829. List the prime factors of r.
2, 71
Let b(j) = -3560*j - 12155. List the prime factors of b(-14).
5, 7537
Let r(h) = h + 1. Let y(f) = 3*f + 25. Let g(z) = -2*r(z) - y(z). Let d be g(-17). Suppose o = 2*o - d. What are the prime factors of o?
2, 29
Suppose 11*c + 713 = -1069. Suppose 0 = 3*u + 613 - 1810. Let o = c + u. What are the prime factors of o?
3, 79
Let u be ((-840)/(-5) + 4)*(4 + -2). Let g = -183 + u. What are the prime factors of g?
7, 23
Let i(m) = -9*m**2 - m + 3. Suppose -7*t - 22 = 4*t. Let o be i(t). Let f = o + 106. What are the prime factors of f?
3, 5
Let j be (-18)/(-8) + -2 - (-1743)/84. Let q(r) = 33*r + 51. List the prime factors of q(j).
2, 3, 31
Suppose b = -0*b - 25. Let r = b + 41. Let y = 28 + r. What are the prime factors of y?
2, 11
Suppose 0 = -0*b + 4*b - 2*t - 20, t = -4*b + 8. Let w(v) = 5*v + 35*v + 0*v - 10. What are the prime factors of w(b)?
2, 5, 11
List the prime factors of (596/5)/(-13*12/(-7020)).
2, 3, 149
Let c be (-10)/(-95) - 15205302/(-171). List the prime factors of 3/(-4) + c/160.
3, 5, 37
Let g(r) = r**2 - 2*r - 5. Let l be g(4). Suppose -3*t - 491 = -5*t + b, 732 = l*t + 3*b. List the prime factors of t.
5, 7
Let k = 801 + 2044. List the prime factors of k.
5, 569
Let u be 24/36 + 1570/3. Let f = u - 313. List the prime factors of f.
211
Suppose 5*f = -5*y + 147685, -f = -2*y - 8943 - 20597. What are the prime factors of f?
2, 3, 547
Let o(g) = -g**3 + 22*g**2 + 18*g + 85. Let d be o(23). Let a(k) = k**3 + 28*k**2 - 103*k + 2. What are the prime factors of a(d)?
2, 17, 19
Let z = 28 + -24. Suppose 5*u - 2*j - 1372 = 0, z*j + 475 + 889 = 5*u. What are the prime factors of u?
2, 3, 23
Let p(i) = 2012*i - 196. What are the prime factors of p(10)?
2, 17, 293
Let i(m) = -m**3 - 7*m**2 - 2*m - 12. Let a be i(-7). Let b be a/(12/(-4) - -4). Suppose 0 = -b*j + 8*j - 1050. What are the prime factors of j?
5, 7
Let o(s) = -1067*s - 1887. What are the prime factors of o(-13)?
2, 7, 107
Let x(k) = 24*k**2 - 2*k**2 - 7 + 134*k - 77*k + 16*k**2. What are the prime factors of x(-6)?
1019
List the prime factors of (((-15)/2)/5)/(1387139/(-1387100) - -1).
2, 5, 11, 97
Suppose -18*p + 7*p = -19822. Let i = p - 1146. List the prime factors of i.
2, 41
Let d(q) = 2*q + 10. Let s be d(-3). List the prime factors of 975/s + (-29)/(-116).
2, 61
Let b be 264/21 + (-30)/(-70). Suppose -b + 23 = 5*f. Suppose -f*u = 7*u - 801. What are the prime factors of u?
89
What are the prime factors of 12/54 + 15355131/297?
13, 41, 97
Suppose 5 = -5*p, 4*p + 5 = -3*g + 1. Let w be (g + (-117)/(-2))/((-33)/44). Let l = w - -100. List the prime factors of l.
2, 11
Let v be 4/(-10) - (-222)/30. Suppose -2*c + m - 2607 = -v*c, -c = 5*m - 507. Suppose -11*l + 2*l = -c. List the prime factors of l.
2, 29
Suppose -3*n + 3*n = 4*n. Suppose n*r + 2*h = -r - 39, -5*r - 171 = 2*h. Let p = 58 + r. List the prime factors of p.
5
Let j(u) = u**2 - 10*u - 44. Let y be j(13). Let q(r) be the second derivative of -r**5/20 + r**4/6 + 5*r**3/6 + r**2/2 - 9*r. List the prime factors of q(y).
151
L